?
False
Is 6 a factor of 226751?
False
Is 6 a factor of 165396?
True
Is 5014504 a multiple of 88?
True
Is 56979 a multiple of 5?
False
Is 635 a factor of 1390310?
False
Does 276 divide 564046?
False
Does 63 divide 711648?
True
Is 41540 a multiple of 155?
True
Is 3 a factor of 96161?
False
Is 415 a factor of 67306?
False
Does 16 divide 418503?
False
Is 19 a factor of 67051?
True
Is 2185285 a multiple of 19?
True
Is 113503 a multiple of 281?
False
Is 95 a factor of 102403?
False
Does 18 divide 464653?
False
Does 14 divide 226364?
False
Is 18120 a multiple of 10?
True
Is 26 a factor of 3991702?
True
Is 24843 a multiple of 147?
True
Is 613626 a multiple of 78?
True
Is 1932496 a multiple of 449?
True
Is 23 a factor of 1141720?
True
Does 496 divide 1513296?
True
Does 44 divide 9304581?
False
Does 48 divide 4465567?
False
Is 116 a factor of 3344512?
True
Does 200 divide 355946?
False
Is 19116 a multiple of 81?
True
Is 1574991 a multiple of 77?
False
Is 36 a factor of 1025406?
False
Does 18 divide 352047?
False
Is 323604 a multiple of 303?
True
Is 58 a factor of 279202?
False
Does 240 divide 929811?
False
Is 738 a factor of 12265560?
True
Does 465 divide 532279?
False
Does 41 divide 139277?
True
Is 3463771 a multiple of 7?
False
Is 606060 a multiple of 740?
True
Is 1864584 a multiple of 348?
True
Does 13 divide 2189365?
False
Does 16 divide 179488?
True
Is 982 a factor of 1290709?
False
Does 424 divide 1331?
False
Does 36 divide 116519?
False
Is 9 a factor of 2042912?
False
Is 2102955 a multiple of 297?
False
Does 6 divide 192684?
True
Does 59 divide 430818?
True
Is 4854232 a multiple of 1146?
False
Is 6 a factor of 1162761?
False
Is 125667 a multiple of 24?
False
Does 242 divide 396880?
True
Does 9 divide 401555?
False
Is 70917 a multiple of 2?
False
Is 145416 a multiple of 12?
True
Does 301 divide 1163261?
False
Is 196589 even?
False
Does 5 divide 87765?
True
Is 68 a factor of 1651652?
True
Is 5833518 a multiple of 397?
True
Does 21 divide 3112578?
True
Does 163 divide 602047?
False
Is 20 a factor of 210464?
False
Does 48 divide 1233283?
False
Does 21 divide 207375?
True
Is 4 a factor of 424310?
False
Is 1805149 a multiple of 109?
True
Does 189 divide 69741?
True
Is 4459099 a multiple of 292?
False
Does 412 divide 356792?
True
Is 776 a factor of 3994815?
False
Is 3099000 a multiple of 5?
True
Is 3421182 a multiple of 578?
True
Is 140880 a multiple of 40?
True
Is 68 a factor of 8393172?
True
Does 32 divide 957109?
False
Is 9738578 a multiple of 216?
False
Does 218 divide 4279534?
False
Is 8778 a multiple of 231?
True
Is 27 a factor of 11007819?
True
Is 2533514 a multiple of 1007?
False
Is 22 a factor of 355381?
False
Does 9 divide 741892?
False
Is 320465 a multiple of 3?
False
Is 148 a factor of 10951753?
False
Does 35 divide 3496244?
False
Is 9405 a multiple of 7?
False
Is 4 a factor of 1100577?
False
Is 14840 a multiple of 56?
True
Is 34 a factor of 7826881?
False
Is 16 a factor of 26243755?
False
Does 9 divide 1291491?
True
Does 246 divide 1904520?
False
Is 62 a factor of 322987?
False
Is 186230 a multiple of 11?
True
Does 160 divide 1855200?
True
Is 4988829 a multiple of 12?
False
Does 17 divide 110279?
True
Is 53218 a multiple of 167?
False
Does 12 divide 168079?
False
Is 109 a factor of 143351?
False
Is 2783115 a multiple of 362?
False
Does 151 divide 2373995?
False
Is 350 a factor of 2242069?
False
Is 2322774 a multiple of 129?
True
Is 276997 a multiple of 29?
False
Does 65 divide 6864?
False
Is 58882 a multiple of 6?
False
Is 510048 a multiple of 84?
True
Is 551424 a multiple of 12?
True
Does 33 divide 14650?
False
Is 87 a factor of 243165?
True
Does 77 divide 5715094?
True
Does 2067 divide 13092378?
True
Is 198 a factor of 78952?
False
Is 141000 a multiple of 51?
False
Is 220 a factor of 1855700?
True
Is 307 a factor of 83504?
True
Does 6 divide 740076?
True
Is 141200 a multiple of 80?
True
Is 46146 a multiple of 16?
False
Is 27 a factor of 157753?
False
Is 330 a factor of 609718?
False
Is 62 a factor of 7460246?
False
Does 15 divide 151409?
False
Is 18058 a multiple of 4?
False
Is 16670 a multiple of 377?
False
Is 2316387 a multiple of 102?
False
Is 7130 even?
True
Does 1629 divide 11013742?
False
Is 44000 a multiple of 20?
True
Is 69587 a multiple of 25?
False
Is 198 a factor of 389070?
True
Is 47 a factor of 52734?
True
Does 88 divide 175692?
False
Is 313 a factor of 3088841?
False
Does 315 divide 2384550?
True
Is 46918 a multiple of 19?
False
Is 715576 a multiple of 113?
False
Is 521276 a multiple of 28?
True
Is 1335864 a multiple of 5?
False
Is 139219 even?
False
Does 36 divide 465984?
True
Is 1945584 a multiple of 118?
True
Is 901186 a multiple of 177?
False
Does 268 divide 658535?
False
Is 674287 a multiple of 10?
False
Is 2112082 a multiple of 7?
True
Is 1860980 a multiple of 54?
False
Is 2 a factor of 7973?
False
Is 96 a factor of 211104?
True
Is 27918 a multiple of 54?
True
Is 64 a factor of 331200?
True
Is 136852 a multiple of 13?
False
Does 273 divide 376467?
True
Does 32 divide 395927?
False
Is 4 a factor of 200704?
True
Is 487 a factor of 3383530?
False
Is 19 a factor of 791833?
False
Is 66170 a multiple of 136?
False
Is 792945 a multiple of 201?
True
Is 1033136 a multiple of 13?
True
Is 41 a factor of 43747?
True
Is 1480 a factor of 9805000?
True
Does 5 divide 59690?
True
Is 137870 a multiple of 5?
True
Is 1533 even?
False
Is 7 a factor of 78722?
True
Is 122227 a multiple of 7?
True
Does 151 divide 173456?
False
Does 435 divide 1097664?
False
Is 332 a factor of 1326340?
True
Is 513095 a multiple of 209?
True
Is 474080 a multiple of 40?
True
Is 27324 a multiple of 12?
True
Does 20 divide 42303?
False
Is 83 a factor of 1030416?
False
Is 9 a factor of 40995?
True
Does 14 divide 1871899?
False
Is 11 a factor of 196252?
False
Does 23 divide 2006819?
True
Does 28 divide 25520?
False
Does 32 divide 634848?
True
Does 32 divide 1620714?
False
Is 167 a factor of 141449?
True
Is 21 a factor of 43524?
False
Is 2793166 a multiple of 109?
False
Is 613872 a multiple of 27?
True
Is 2121290 a multiple of 12?
False
Is 17 a factor of 4798573?
True
Is 2687212 a multiple of 135?
False
Is 36 a factor of 4752677?
False
Does 21 divide 14213695?
False
Is 36 a factor of 32076?
True
Does 8 divide 2318216?
True
Is 16 a factor of 123728?
True
Does 24 divide 61040?
False
Is 5 a factor of 4065?
True
Is 4 a factor of 108268?
True
Is 385 a factor of 2202585?
True
Is 138600 a multiple of 21?
True
Is 1766529 a multiple of 27?
True
Does 300 divide 10043100?
True
Is 222783 a multiple of 129?
True
Is 8 a factor of 29080?
True
Is 5234868 a multiple of 18?
True
Is 395557 a multiple of 24?
False
Does 16 divide 77798?
False
Is 47 a factor of 22117777?
True
Is 284908 a multiple of 120?
False
Is 16 a factor of 219376?
True
Is 476 a factor of 883456?
True
Is 244 a factor of 15469135?
False
Is 391 a factor of 4052813?
False
Is 48 a factor of 3637392?
True
Does 161 divide 1631574?
True
Is 4 a factor of 700480?
True
Is 5697129 a multiple of 9?
False
Does 30 divide 2450884?
False
Does 196 divide 45668?
True
Is 148 a factor of 770636?
True
Does 8 divide 565560?
True
Is 164 a factor of 725372?
True
Does 116 divide 8882352?
True
Is 144079 a multiple of 96?
False
Does 65 divide 11020555?
True
Does 42 divide 6105540?
True
Is 9 a factor of 590985?
True
Is 488748 a multiple of 9?
False
Does 244 divide 1955172?
True
Is 15 a factor of 273420?
True
Does 61 divide 702496?
False
Does 103 divide 2714009?
False
Is 307 a factor of 2925710?
True
Does 11 divide 157800?
False
Does 17 divide 14314?
True
Is 11061104 a multiple of 9?
False
Is 216269 a multiple of 43?
False
Does 3 divide 153435?
True
Is 31 a factor of 72951?
False
Does 354 divide 503267?
False
Is 14649 a multiple of 3?
True
Does 14 divide 5772390?
False
Does 7 divide 607259?
False
Is 924179 a multiple of 383?
True
Does 16 divide 6257544?
False
Does 135 divide 52250?
False
Is 51 a factor of 2883255?
False
Does 51 divide 194973?
True
Is 2891980 a multiple of 182?
True
Does 108 divide 255852?
True
Is 30 a factor of 85003?
False
Is 1226918 a multiple of 102?
False
Does 737 divide 624239?
True
Does 188 divide 347437?
False
Is 67732 a multiple of 82?
True
Is 11 a factor of 3046703?
True
Does 6 divide 23046?
True
Is 8279 even?
Fals